3 - y**2 - 3*y - 3. Suppose -i - 5 + 0 = -4*z, 0 = -4*z. Let u be (6/i)/(-3)*-5. Let s be (u/4)/((-4)/24). What is n(s)?
6
Let o(y) = -4*y**2 - 2*y - 2. Let b(i) = i**2 + 5. Let u be b(0). Suppose 4*a + 9 = 2*a - 5*v, 5*v + u = 0. Determine o(a).
-14
Let p(d) = d**3 + 4*d**2 - 2*d + 5. Suppose -2*a = c + 2*c + 130, 5*a + 311 = -4*c. Let b = a - -54. What is p(b)?
-10
Let g(b) = -4*b**2 + 6. Let l(y) = 3*y + 9. Let v be l(-4). Let n(s) = -11*s**2 - s + 17. Let c(z) = v*n(z) + 8*g(z). Calculate c(-4).
1
Suppose -14*i = -7*i - 28. Let w(s) = -s**3 + 2*s**2 - 3 + 3*s**2 - s**2 - 6*s**2 - i*s. Determine w(-2).
5
Let t(m) = m**2 - 2*m + 2. Let i be 2/4*2 + -3. Let k be 2 + 0/(3 + i). Determine t(k).
2
Let l be (9/(-15))/(3/45 - 0). Let k(b) be the third derivative of -b**5/60 - 5*b**4/12 - 3*b**3/2 + 3*b**2. What is k(l)?
0
Suppose 3*v = -3*a - 18, -28*v = a - 30*v. Let b(f) = -f**2 - 3*f - 1. Determine b(a).
-5
Suppose 5 = 5*y - w, 6 = -2*y - 249*w + 251*w. Let k(u) = 12*u**2 - 7*u - 4. Let c(t) = 6*t**2 - 4*t - 2. Let m(l) = 5*c(l) - 3*k(l). Give m(y).
-20
Let f(q) = 14*q**3 - 12*q**2 - 23*q - 28. Let l(n) = -9*n**3 + 9*n**2 + 15*n + 18. Let o(v) = 5*f(v) + 8*l(v). Give o(6).
34
Let z(y) = -2*y + 2. Let c(g) = -7*g + 6. Let b(n) = -3*c(n) + 8*z(n). What is b(3)?
13
Let q(p) = p**3 + 7*p**2 - 9*p + 3. Let y(i) = -i**2 + i - 2. Let r(w) = q(w) + 3*y(w). Let f = -1 - -4. Let v = -8 + f. Calculate r(v).
2
Let i(t) = -111 + 91 - 2*t + 18*t - t**2. Suppose 6*g - 46 = 44. Determine i(g).
-5
Let t(f) = 13*f**3 - 4*f**2 - 16*f + 2. Let d(x) = 7*x**3 - 2*x**2 - 8*x + 1. Let v(k) = -11*d(k) + 6*t(k). Calculate v(4).
1
Let v(g) = 4*g**2 + 2*g + 3. Let a be v(-2). Let y = 17 - a. Suppose -3*m - 8 = -c, -3*m + 4 + 3 = y*c. Let x(t) = -4*t + 1. Give x(m).
5
Let b(y) = 7*y**2 + 8*y - 1. Let z(i) = -9*i**2 - 8*i. Let x(l) = -4*b(l) - 3*z(l). Let m be x(-8). Let t(g) = -2*g - 3. Calculate t(m).
-11
Let y(v) = -2 - 1 + 0 - 4*v. Let s(w) = -4 - 245*w + 244*w - 2. Let b be s(-4). Give y(b).
5
Let f(v) be the second derivative of -v**4/12 + 5*v**3/6 + 3*v**2/2 - v - 20. Suppose 3*l + 4*k = 35, 5*l - 4*k - 15 = -2*k. What is f(l)?
3
Let x(m) = 2*m - 20. Let a(r) = r - 10. Let j(d) = 5*a(d) - 3*x(d). Suppose 4*g = -4*y - 0*y + 8, -5*y = -4*g - 46. Calculate j(y).
4
Let h(x) = -x**3 + 4. Suppose -3*i + t = -0*t - 103, -3*i - 4*t = -113. Suppose 37*d = i*d. Determine h(d).
4
Let y be 18/(-8) - 4/(-16). Let i(u) be the second derivative of -u**5/20 - u**4/3 - u**3/3 + u**2/2 - 83*u. What is i(y)?
-3
Let v = -17 - -22. Let w(t) be the second derivative of -t**4/12 + 2*t**3/3 - 2*t**2 - 5*t. Determine w(v).
-9
Let k = 8 - 14. Let n(t) be the second derivative of t**6/720 + t**5/60 + 10*t**4/3 - 2*t. Let u(g) be the third derivative of n(g). Calculate u(k).
-4
Suppose -2*d + 5 = -k, 4*d - 3*k + 0*k = 5. Let n(w) = d - 3 - 10*w - 2. Suppose 1 = -7*x + 8*x. Calculate n(x).
-10
Let m(q) = -q + 2. Let i be m(4). Let j = i - 3. Let x(u) = -57 + 36 - 2*u + 14. What is x(j)?
3
Let u(o) = -o**3 + 2*o**2 + 2*o**2 - o - 2 + 5. Suppose -5*j = -876 + 861. Give u(j).
9
Suppose -d - 4*a - 10 = 0, 2*d - 17 = -2*d + 3*a. Let p be (6/d)/((-21)/(-14)). Let g(b) = b**p - 6*b**2 - 2*b - b**3 + 10*b. What is g(-6)?
-12
Let t(j) = j**2 - 6*j + 3. Let l = 85 + -80. Suppose 3*g + 8 = l*g. Give t(g).
-5
Let p(z) = -3*z + 4. Let k(q) = -q**2 + 5*q + 17. Let x be k(7). Let l(c) = 3*c + c - x*c + 0*c. Let m(r) = 2*l(r) - p(r). Calculate m(3).
11
Suppose 5*m = 5 - 5. Suppose 13 = -5*z + u, m = -4*z - 5*u + 15 - 8. Let h(v) = 2*v**3 + 4*v**2 + 2*v - 1. Determine h(z).
-5
Suppose 6 = 3*t - 4*g, -4*t + 9*t + 5*g = -25. Let f(h) be the second derivative of h**4/12 - h**3/3 - h**2/2 - 3*h. Determine f(t).
7
Let m(q) = 4*q + 3. Let d(u) = 4*u + 3. Suppose n - 3 + 8 = 0. Let i(h) = n*d(h) + 4*m(h). Calculate i(-4).
13
Let c(f) = -2*f + 2. Suppose 4*t + 5*u = -95, -78 - 8 = 4*t + 2*u. Let o = -16 - t. Calculate c(o).
-6
Let y(o) = o + 2. Suppose 4*l - 39 = -3*p + 2, -3*l - 3 = 0. Let v be ((-12)/10)/((-3)/p). What is y(v)?
8
Let l(u) = u**2 + 2*u + 3. Let p be ((-2)/4)/(5/(-130)). Let j be 16/104 + (-41)/p. What is l(j)?
6
Let i = 33 + -33. Let s(g) be the first derivative of -g**3/6 - 13*g**2/2 + 5*g + 3. Let u(n) be the first derivative of s(n). Determine u(i).
-13
Let w(c) = c**3 + 4*c**2 + 1. Let d = -196 + 84. Let y = d - -109. What is w(y)?
10
Let d = 33 - 31. Let r(q) = -128 + 2*q**2 + 130 + 0*q**d - 3*q + q**3. Give r(2).
12
Let t(s) = s**3 + 2*s - 1. Suppose -2*k - 2*k + 16 = 0. Let n be 3*4/3 + k. Let y be -2 - n/(-12)*6. Calculate t(y).
11
Suppose 4*u = -m - 17, -10*m + 11 = -2*u - 11*m. Let n(t) = -t**3 + 3*t**2. What is n(u)?
54
Let m(o) = 4*o**3 + 17*o**2 - 28*o + 8. Let g(h) = -3*h**3 - 16*h**2 + 24*h - 9. Let t(d) = 5*g(d) + 4*m(d). What is t(11)?
-46
Let p(l) = -l - 3. Let z be p(-5). Let x(i) = -i**z + 60*i - 31*i + 12*i**3 - 30*i. Determine x(-1).
-12
Let q(v) = -v**2 - 4*v - 3. Let g = 217 - 211. Let d(f) be the first derivative of -f**2/2 + 2*f - 1. Let k be d(g). What is q(k)?
-3
Suppose -2*v + 44 = z, -4*v = 2*z - z - 40. Let c = z - 47. Let u(o) = -4*o**2 + 2*o - 1. Determine u(c).
-3
Suppose -4*y + 20 = 3*i, 0 = 3*y - 7*i + 4*i - 15. Let x(u) be the first derivative of u**4/4 - 5*u**3/3 + 3*u**2/2 - 3*u + 300. Give x(y).
12
Let h(k) = 11*k**2 + k. Suppose -3*o = -3*n + 18, n + 2*n + 4*o + 3 = 0. Suppose 0*s - 2*s - 5 = n*y, 16 = -4*s. Give h(y).
12
Let t(c) be the second derivative of 1/6*c**3 + 0 + 6*c + 0*c**4 + 7/10*c**5 + 0*c**2. What is t(1)?
15
Let o(y) = 3*y - 7. Let c(h) = -h + 0 - 1 - 2*h + 7. Let k(z) = -7*c(z) - 6*o(z). Determine k(-2).
-6
Let m = -9 + 20. Let t(k) = 3*k + 46 + 10*k**2 + 8*k - 4*k**2 + 5*k. Let q(b) = b**2 + 3*b + 9. Let y(j) = m*q(j) - 2*t(j). What is y(0)?
7
Let t = -89 - -91. Let q(u) = 0*u + t - u - 3 - 16*u**2 + 14*u**2. What is q(-1)?
-2
Let y(z) = z**2 + 10*z + 19. Let w be y(-8). Let k(g) = w*g - g**2 + 3*g + 3 - 3*g. Give k(4).
-1
Let w(i) = i**2 + i - 4. Let y be w(-3). Let b(x) = y - 1 + 6 + 4 - x. Let v be b(6). Let j(d) = d**3 - 6*d**2 + 6*d. Calculate j(v).
5
Let b(y) = -y**2 + 2*y + 7. Suppose i + 0*g + 5*g = -27, -5*g - 25 = 0. Let c be -7*(i/(-14) - 1). Calculate b(c).
-17
Let m(r) be the third derivative of -r**6/120 + r**5/60 + 5*r**4/24 - r**3/3 + r**2 + 75*r. Determine m(3).
-5
Let x(q) be the second derivative of q**5/120 - 3*q**4/8 + 4*q**3/3 - 5*q. Let m(w) be the second derivative of x(w). Calculate m(5).
-4
Suppose 4*d = g + 5, 0 = -5*g - d + 17. Let y(z) = 62*z - 1. Let s be y(2). Let m(o) = 4*o**2 + 122*o**g + 2*o**2 - s*o**3. What is m(6)?
0
Let s(d) = 4*d**2 - 6*d + 3. Let x(j) = 19*j - 148. Let b be x(8). What is s(b)?
43
Suppose 2 = -3*c + 8. Suppose -w + 0*a = c*a + 4, 3*a + 24 = 3*w. Let r(z) = z**3 - 5*z**2 + z + 1. Determine r(w).
-11
Let p(n) = -2*n - 2. Let w(g) = 2*g**2 + 14*g - 23. Let a(u) = u**3 + 7*u**2 - 6*u + 8. Let s be a(-8). Let q be w(s). Calculate p(q).
12
Suppose 9*g - 48 - 60 = 0. Suppose g = 11*r - 13*r. Let j(p) = -4*p - 1. Calculate j(r).
23
Suppose p + 2*v = 0, -5*v - 18 = -3*p + 26. Let i(u) = 2*u + u + p - u - 1. Give i(-6).
-5
Let i(p) = -37*p**3 + 9*p**2 - 7*p - 13. Let f(n) = 21*n**3 - 5*n**2 + 4*n + 7. Let b(z) = -7*f(z) - 4*i(z). Determine b(-2).
-9
Let q(j) = -6*j - 26. Let s(v) = -4*v - 29. Let h(p) = 7*q(p) - 8*s(p). What is h(7)?
-20
Let a(i) = 13*i - 21. Let h(l) = -7*l + 11. Let g(w) = -w**2 - 3*w + 11. Let v be g(0). Let y(s) = v*h(s) + 6*a(s). Give y(4).
-1
Let k = -511 + 495. Let o(i) = -i**2 - 17*i - 20. Calculate o(k).
-4
Let v be -1*(-2 + 3 + -3). Let m(o) be the first derivative of 0*o**2 + 7 + o**v + 2*o + 6. Determine m(5).
12
Let l(t) = -2*t + 3. Suppose 4*j = 3*a + 17 + 11, 4*a = -3*j + 21. Determine l(j).
-11
Let l be (16/(-10))/(8/(-20)). Let q(k) = 2*k + l - 2*k + k + 0*k. What is q(-3)?
1
Let q(t) = -6*t - 1. Let f = -16 + 18. Suppose -5*o = -f*o + 63. Let s be 6/o - (-10)/(-14). What is q(s)?
5
Let j(f) = 3. Let v(n) = n + 9. Let h = 5 + -1. Let i(c) = h*v(c) - 11*j(c). What is i(5)?
23
Suppose -7*g + 6*g = -4. Suppose 29 = -3*q - 5*o, g*q + 0*o + 8 = o. Let b(f) = 3*f**2 - 13. Let v(a) = 2*a**2 - 6. Let d(s) = q*b(s) + 5*v(s). What is d(0)?
9
Let d(c) = c**2 - c - 3. Let 